rue
Is 13553 a composite number?
False
Is 11053 a prime number?
False
Is 14395 prime?
False
Is 248257 a prime number?
True
Is 697427 prime?
False
Is 58 a prime number?
False
Is 63059 prime?
True
Is 13963 composite?
False
Is 5089 composite?
True
Is 11714 a prime number?
False
Is 1142597 prime?
False
Is 1042807 prime?
False
Is 36829 composite?
True
Is 1831369 a composite number?
False
Is 10394 prime?
False
Is 6317 a composite number?
False
Is 35885 a composite number?
True
Is 73774 a prime number?
False
Is 557809 composite?
True
Is 287843 a composite number?
True
Is 44843 a composite number?
False
Is 4183 a composite number?
True
Is 52787 a composite number?
True
Is 3342641 a prime number?
False
Is 671377 a composite number?
True
Is 12511 prime?
True
Is 10111 a composite number?
False
Is 979 a prime number?
False
Is 388379 a composite number?
True
Is 3967 prime?
True
Is 165287 prime?
True
Is 2773 a composite number?
True
Is 839121 a composite number?
True
Is 10883 a prime number?
True
Is 24251 a composite number?
False
Is 88771 composite?
False
Is 4507 composite?
False
Is 288307 a composite number?
False
Is 136919 a composite number?
True
Is 9134 a prime number?
False
Is 23117 composite?
False
Is 172759 prime?
True
Is 557407 composite?
True
Is 113327 prime?
True
Is 11483 a composite number?
False
Is 28369 a prime number?
False
Is 5737 a composite number?
False
Is 73913 composite?
True
Is 1157467 a composite number?
True
Is 1481 a prime number?
True
Is 94 a prime number?
False
Is 286289 composite?
False
Is 105418 a prime number?
False
Is 34603 composite?
False
Is 7909 a composite number?
True
Is 88643 a prime number?
True
Is 1085951 a prime number?
False
Is 2375411 composite?
False
Is 281823 composite?
True
Is 17373 composite?
True
Is 361211 composite?
False
Is 565 a prime number?
False
Is 154871 a composite number?
False
Is 8189 composite?
True
Is 859 a composite number?
False
Is 1545373 a prime number?
False
Is 224669 a prime number?
True
Is 11197 a composite number?
False
Is 2389981 prime?
False
Is 30967 prime?
False
Is 4829 a prime number?
False
Is 13667 prime?
False
Is 9103 a prime number?
True
Is 96809 composite?
True
Is 11509 a composite number?
True
Is 538937 a composite number?
True
Is 248327 prime?
False
Is 2809 prime?
False
Is 20827 composite?
True
Is 1421531 a prime number?
False
Is 115403 a composite number?
True
Is 787 a composite number?
False
Is 49087 a prime number?
False
Is 11874919 prime?
False
Is 34267 a composite number?
False
Is 26123 a composite number?
True
Is 376499 composite?
True
Is 54073 a prime number?
False
Is 1026473 composite?
True
Is 381963 composite?
True
Is 553351 a prime number?
True
Is 3659 prime?
True
Is 167677 composite?
False
Is 34603 a prime number?
True
Is 10367 a composite number?
True
Is 1165 a composite number?
True
Is 140255 composite?
True
Is 4063 composite?
True
Is 10762 a prime number?
False
Is 15779 a composite number?
True
Is 12227 a prime number?
True
Is 130081 composite?
True
Is 23423 a prime number?
False
Is 1310141 a prime number?
False
Is 390647 prime?
True
Is 55579 prime?
True
Is 45379 composite?
True
Is 31799 a composite number?
False
Is 1397 a composite number?
True
Is 123581 a composite number?
False
Is 1098439 prime?
True
Is 13499 a composite number?
False
Is 272299 a prime number?
True
Is 26434 composite?
True
Is 833893 a composite number?
False
Is 6947 a composite number?
False
Is 4358 a prime number?
False
Is 5707 a prime number?
False
Is 157621 a prime number?
False
Is 17786 a prime number?
False
Is 60483 composite?
True
Is 440227 a prime number?
True
Is 39626 prime?
False
Is 407699 prime?
True
Is 134837 a composite number?
False
Is 2939 prime?
True
Is 491 prime?
True
Is 15293 a composite number?
True
Is 4737 a composite number?
True
Is 1337 a prime number?
False
Is 9287 a prime number?
False
Is 12251 composite?
False
Is 3591949 a prime number?
True
Is 195927 composite?
True
Is 109297 prime?
True
Is 47693 a composite number?
True
Is 17363 composite?
True
Is 14305 a composite number?
True
Is 3847 prime?
True
Is 903143 a composite number?
False
Is 1657 a composite number?
False
Is 13963 a prime number?
True
Is 9305 prime?
False
Is 4037 a composite number?
True
Is 57637 a composite number?
False
Is 355409 composite?
True
Is 149971 prime?
True
Is 4299 a prime number?
False
Is 8443 a prime number?
True
Is 72665 composite?
True
Is 27611 composite?
False
Is 50671 a composite number?
False
Is 2771 composite?
True
Is 1144159 prime?
False
Is 15681 composite?
True
Is 41351 a composite number?
False
Is 225779 a prime number?
True
Is 2525417 a composite number?
False
Is 733349 composite?
True
Is 5039 prime?
True
Is 5809 composite?
True
Is 1042 a composite number?
True
Is 101771 prime?
True
Is 1796567 prime?
True
Is 15013 a composite number?
False
Is 7393 prime?
True
Is 114013 a composite number?
False
Is 985921 composite?
False
Is 3749 prime?
False
Is 74267 a prime number?
False
Is 41729 prime?
True
Is 126839 a composite number?
False
Is 51227 a composite number?
True
Is 31451 a composite number?
True
Is 387509 a composite number?
False
Is 12451 a composite number?
False
Is 274403 a prime number?
True
Is 202133 composite?
True
Is 373281 a prime number?
False
Is 38537 prime?
False
Is 199151 a composite number?
False
Is 426659 a composite number?
True
Is 86447 composite?
True
Is 35491 a prime number?
True
Is 9573 prime?
False
Is 4327 composite?
False
Is 56821 a prime number?
True
Is 54521 prime?
True
Is 18169 a composite number?
False
Is 23957 a composite number?
False
Is 131543 prime?
True
Is 56271 a prime number?
False
Is 669889 prime?
False
Is 30035 a prime number?
False
Is 15497 a prime number?
True
Is 12451 prime?
True
Is 23369 a composite number?
False
Is 78079 a prime number?
True
Is 5501 composite?
False
Is 26557 composite?
False
Is 220141 composite?
False
Is 596039 composite?
True
Is 11435 prime?
False
Is 804886 composite?
True
Is 269641 prime?
True
Is 13093 a composite number?
False
Is 10081 a composite number?
True
Is 12473 composite?
False
Is 1192651 a composite number?
False
Is 48359 composite?
True
Is 812143 a prime number?
False
Is 40141 composite?
True
Is 6739 a prime number?
False
Is 18353 a composite number?
False
Is 812467 composite?
False
Is 642403 prime?
True
Is 27091 a prime number?
True
Is 1171382 composite?
True
Is 5147435 a prime number?
False
Is 641437 a composite number?
False
Is 5855 a composite number?
True
Is 2359 prime?
False
Is 2395763 composite?
False
Is 11027 a prime number?
True
Is 229837 prime?
True
Is 2871707 prime?
False
Is 315437 composite?
False
Is 74915 a composite number?
True
Is 31582 composite?
True
Is 509 prime?
True
Is 24431 composite?
True
Is 163 prime?
True
Is 8011 a composite number?
False
Is 319 prime?
False
Is 8093 composite?
False
Is 7669 prime?
True
Is 5623 prime?
True
Is 7411 composite?
False
Is 413951 a prime number?
True
Is 6887 prime?
False
Is 57217 prime?
False
Is 61531 a composite number?
True
Is 530731 prime?
True
Is 1121231 composite?
False
Is 401903 a composite number?
False
Is 21001 a prime number?
True
Is 14029 a composite number?
False
Is 6595 composite?
True
Is 496501 prime?
False
Is 14699 a prime number?
True
Is 143851 composite?
True
Is 4201 prime?
True
Is 32709 a composite number?
True
Is 194371 composite?
False
Is 10903 prime?
True
Is 1361 prime?
True
Is 7697 a composite number?
True
Is 123373 composite?
False
Is 3511 composite?
False
Is 112837 a prime number?
False
Is 101419 composite?
False
Is 1114111 a composite number?
False
Is 14257 a composite number?
True
Is 293866 a composite number?
True
Is 12622 a prime number?
False
Is 701485 a prime number?
False
Is 43313 a prime number?
True
Is 5039 composite?
False
Is 16999 prime?
False
Is 22465 a composite number?
True
Is 1647367 a prime number?
False
Is 235297 composite?
True
Is 79531 a prime number?
True
Is 175463 a prime number?
True
Is 77705 composite?
True
Is 156577 a prime number?
True
Is 300337 a prime number?
False
Is 174703 composite?
False
Is 266663 a prime number?
True
Is 562183 a prime number?
False
Is 318629 composite?
False
Is 2552647 a composite number?
False
Is 9577 composite?
True
Is 62585 a prime number?
False
Is 3061 composite?
False
Is 290737 prime?
True
I